78 divide 3042?
True
Does 100 divide 13495?
False
Is 27 a factor of 7871?
False
Does 58 divide 19961?
False
Does 23 divide 681?
False
Is 13 a factor of 8190?
True
Is 3 a factor of 24?
True
Is 465 a multiple of 15?
True
Does 3 divide 199?
False
Is 22 a multiple of 11?
True
Is 581 a multiple of 32?
False
Is 9495 a multiple of 15?
True
Does 13 divide 6019?
True
Is 11 a factor of 4344?
False
Is 17203 a multiple of 8?
False
Is 97 a factor of 97?
True
Does 23 divide 7425?
False
Is 23 a factor of 359?
False
Is 7 a factor of 653?
False
Does 37 divide 38682?
False
Does 24 divide 7611?
False
Is 5 a factor of 2094?
False
Is 69 a factor of 2306?
False
Is 3891 a multiple of 81?
False
Is 39188 a multiple of 202?
True
Is 30 a factor of 27167?
False
Is 48 a multiple of 3?
True
Is 16 a factor of 861?
False
Is 12 a factor of 14287?
False
Is 14712 a multiple of 12?
True
Is 28 a factor of 12278?
False
Does 32 divide 15059?
False
Is 106 a multiple of 24?
False
Is 9435 a multiple of 29?
False
Does 16 divide 2412?
False
Is 149 a factor of 7188?
False
Is 863 a multiple of 6?
False
Is 14 a factor of 28238?
True
Is 39 a factor of 1248?
True
Is 3 a factor of 5659?
False
Is 142 a multiple of 40?
False
Is 910 a multiple of 14?
True
Is 6 a factor of 4062?
True
Is 1518 a multiple of 23?
True
Is 12245 a multiple of 32?
False
Is 1237 a multiple of 83?
False
Does 29 divide 58?
True
Is 273 even?
False
Is 7851 a multiple of 19?
False
Is 465 a multiple of 15?
True
Is 27 a factor of 1936?
False
Does 7 divide 1218?
True
Is 13 a factor of 1131?
True
Does 10 divide 2399?
False
Is 1914 a multiple of 87?
True
Is 2115 a multiple of 3?
True
Does 38 divide 24558?
False
Does 54 divide 76433?
False
Is 3999 a multiple of 17?
False
Is 49 a factor of 909?
False
Is 31080 a multiple of 148?
True
Is 19743 a multiple of 16?
False
Does 5 divide 1020?
True
Does 17 divide 782?
True
Does 83 divide 3984?
True
Is 9 a factor of 383?
False
Does 6 divide 809?
False
Is 25 a factor of 42425?
True
Does 4 divide 64?
True
Is 1937 a multiple of 20?
False
Does 36 divide 2232?
True
Does 33 divide 22462?
False
Does 15 divide 2396?
False
Does 14 divide 1148?
True
Is 19 a factor of 798?
True
Is 315 a multiple of 7?
True
Is 40 a factor of 9800?
True
Is 581 a multiple of 7?
True
Is 10 a factor of 6030?
True
Does 103 divide 1000?
False
Is 28591 a multiple of 28?
False
Is 143 a factor of 6368?
False
Is 4 a factor of 2776?
True
Does 27 divide 459?
True
Is 11287 a multiple of 7?
False
Is 16 a factor of 112?
True
Is 13932 a multiple of 27?
True
Is 10038 a multiple of 14?
True
Is 53 a factor of 2191?
False
Does 30 divide 15658?
False
Does 16 divide 814?
False
Is 41 a factor of 593?
False
Is 98 a factor of 11199?
False
Is 298 a multiple of 14?
False
Does 37 divide 1147?
True
Is 46200 a multiple of 280?
True
Is 23 a factor of 2821?
False
Is 42 a factor of 1064?
False
Is 23 a factor of 5246?
False
Does 26 divide 1288?
False
Is 3120 a multiple of 48?
True
Does 184 divide 17480?
True
Is 11 a factor of 2321?
True
Is 1317 a multiple of 147?
False
Is 61 a factor of 4819?
True
Is 19 a factor of 40318?
True
Is 52185 a multiple of 35?
True
Does 11 divide 5609?
False
Does 132 divide 34210?
False
Is 2545 a multiple of 88?
False
Is 59 a factor of 785?
False
Is 71 a multiple of 4?
False
Does 14 divide 6482?
True
Is 14 a factor of 756?
True
Does 66 divide 23146?
False
Is 171 a multiple of 9?
True
Does 54 divide 38232?
True
Is 7 a factor of 6131?
False
Is 86 a factor of 6981?
False
Is 64 a factor of 2944?
True
Is 1287 a multiple of 39?
True
Is 4556 a multiple of 259?
False
Does 14 divide 1414?
True
Is 682 a multiple of 25?
False
Does 34 divide 839?
False
Is 126 a factor of 3401?
False
Is 8359 a multiple of 3?
False
Is 53 a factor of 2052?
False
Is 201 a multiple of 10?
False
Is 13 a factor of 4706?
True
Is 14 a factor of 12437?
False
Does 8 divide 43574?
False
Does 13 divide 104?
True
Does 126 divide 49266?
True
Is 443 a multiple of 2?
False
Is 1949 a multiple of 11?
False
Is 720 a multiple of 15?
True
Does 16 divide 258?
False
Does 30 divide 922?
False
Is 15 a factor of 12744?
False
Is 37 a multiple of 37?
True
Does 13 divide 1131?
True
Is 76 a multiple of 38?
True
Does 9 divide 16938?
True
Does 24 divide 81?
False
Is 300 a multiple of 25?
True
Is 2160 a multiple of 16?
True
Does 6 divide 548?
False
Does 31 divide 14787?
True
Is 168 a multiple of 6?
True
Is 5 a factor of 4883?
False
Is 4 a factor of 120?
True
Is 2060 a multiple of 28?
False
Is 23 a factor of 1679?
True
Does 15 divide 375?
True
Does 8 divide 8?
True
Does 24 divide 310?
False
Does 14 divide 484?
False
Is 56 a multiple of 7?
True
Does 149 divide 7450?
True
Does 149 divide 37399?
True
Is 29 a factor of 11694?
False
Is 16 a factor of 1295?
False
Is 14360 a multiple of 8?
True
Does 25 divide 409?
False
Does 21 divide 21562?
False
Does 3 divide 8?
False
Is 7 a factor of 6171?
False
Does 2 divide 210?
True
Is 15656 a multiple of 10?
False
Is 4 a factor of 5385?
False
Is 14 a factor of 135123?
False
Is 840 a multiple of 56?
True
Is 90 a multiple of 6?
True
Does 55 divide 505?
False
Is 31 a factor of 4296?
False
Is 94 a factor of 14946?
True
Is 733 a multiple of 48?
False
Is 92 a factor of 12124?
False
Is 42525 a multiple of 18?
False
Is 67 a factor of 2680?
True
Does 18 divide 1134?
True
Is 9 a factor of 438?
False
Is 17 a factor of 186?
False
Does 163 divide 20227?
False
Does 15 divide 5475?
True
Is 35 a factor of 45904?
False
Is 17 a factor of 36862?
False
Is 1344 a multiple of 42?
True
Is 14 a factor of 47236?
True
Is 44 a factor of 616?
True
Does 44 divide 1515?
False
Is 8 a factor of 3284?
False
Is 338 a multiple of 13?
True
Is 11011 a multiple of 91?
True
Is 5 a factor of 8285?
True
Does 20 divide 840?
True
Is 36 a factor of 17681?
False
Is 185 a multiple of 2?
False
Does 26 divide 15886?
True
Does 34 divide 1007?
False
Is 854 a multiple of 8?
False
Does 12 divide 1368?
True
Does 147 divide 9996?
True
Does 75 divide 4656?
False
Is 11183 a multiple of 59?
False
Does 22 divide 410?
False
Does 41 divide 38912?
False
Is 57 a factor of 1737?
False
Is 1711 a multiple of 15?
False
Is 19 a factor of 49799?
True
Is 477 a multiple of 3?
True
Does 44 divide 5565?
False
Is 4669 a multiple of 23?
True
Does 7 divide 345?
False
Is 45 a factor of 11274?
False
Is 2613 a multiple of 35?
False
Is 96 a factor of 545?
False
Does 5 divide 10999?
False
Is 192 a factor of 9792?
True
Does 4 divide 62?
False
Does 57 divide 3249?
True
Does 9 divide 9330?
False
Does 269 divide 40081?
True
Is 3 a factor of 936?
True
Is 13 a factor of 189?
False
Is 15810 a multiple of 62?
True
Is 15 a factor of 510?
True
Is 630 a multiple of 30?
True
Does 86 divide 25026?
True
Is 23 a factor of 1104?
True
Is 41 a factor of 34320?
False
Is 16343 a multiple of 15?
False
Does 55 divide 12265?
True
Is 16 a factor of 2896?
True
Is 429 a multiple of 90?
False
Is 5 a factor of 5074?
False
Does 54 divide 1198?
False
Is 37 a factor of 1790?
False
Does 28 divide 18228?
True
Does 23 divide 3634?
True
Is 95 a factor of 14155?
True
Is 38 a factor of 17898?
True
Does 11 divide 35016?
False
Does 90 divide 44820?
True
Is 343 a multiple of 34?
False
Does 102 divide 1757?
False
Is 19094 a multiple of 53?
False
Is 12069 a multiple of 27?
True
Is 45 a factor of 8775?
True
Does 17 divide 141159?
False
Is 3002 a multiple of 38?
True
Does 16 divide 233?
False
Is 492 a multiple of 122?
False
Is 11315 a multiple of 3?
False
Is 78 a factor of 17668?
False
Does 128 divide 3712?
True
Is 15313 a multiple of 36?
False
Does 14 divide 18802?
True
Is 5 a factor of 401?
False
Is 211 a multiple of 2?
False
Does 4 divide 124?
True
Is 3864 a multiple of 6?
True
Is 61 a factor of 2054?
False
Is 5 a factor of 405?
True
Is 25 a factor of 922?
False
Does 2 divide 1874?
True
Is 3 a factor of 483?
True
Is 97 a factor of 38745?
False
Does 16 divide 443?
False
Is 19 a factor of 77?
False
Is 41 a factor of 5453?
True
Does 156 divide 2964?
True
Does 29 divide 8009?
False
Does 7 divide 9984?
False
Is 5 a factor of 175?
True
Is 51392 a multiple of 88?
True
Is 936 a multiple of 24?
True
Is 31 a factor of 1636?
False
Is 35451 a multiple of 7?
False
Is 6378 a multiple of 41?
False
Is 1456 a multiple of 17?
False
Is 14 a factor of 10186?
False
Does 13 divide 13286?
True